e number?
False
Suppose -g + 0 + 3 = 0. Let t be (0 + -21)/(9/(-339)). Suppose g*d - t = 178. Is d composite?
True
Let p(i) = 155*i + 28. Let c be p(9). Suppose 3*z = 2*z + c. Is z composite?
False
Suppose 5*p + 3*m - 20935 = 0, 28*p - 25*p - 2*m - 12561 = 0. Is p composite?
True
Suppose 7*t + 14 = -4*o + 4*t, 4*o - 2*t = -4. Let v be ((-108)/24)/(o/36). Suppose 5*f - 289 = v. Is f a prime number?
False
Let j(m) be the first derivative of -89*m**2/2 - 16*m - 23. Is j(-9) prime?
False
Let x = -8042 - -16189. Is x a composite number?
False
Let h(o) = o**2 + 16*o + 13. Let v = 9 + -19. Let a be h(v). Let t = a + 134. Is t prime?
False
Is -12758*(-5 + 26/4 + -2) composite?
False
Suppose 2*n + c = 6120, 9*c - 10*c - 12246 = -4*n. Is n a composite number?
False
Let z(v) = v**3 + 11*v**2 - 11*v + 17. Let o be z(-12). Suppose g - 457 = -3*y, 0*g = 4*g + o*y - 1800. Is g prime?
False
Suppose -3*b + 4*b = 5*n - 4799, -5*n + 3*b = -4807. Is n a composite number?
True
Suppose 0 = -4*j - m + 10, -5*j + 5*m + 7 + 18 = 0. Suppose 10 = b - j*b, -3*b + 1017 = 4*o. Suppose -2*q + 8*q = o. Is q composite?
False
Let b(i) = -i**2 + 10*i + 5. Let k be b(10). Suppose -k = -y + 1. Is (y/4)/(6/1048) prime?
False
Suppose 5*v + 420 = 3*g, -v + 374 = 3*g - 46. Suppose i + 3*f = g, -5*f - 668 = -5*i - 4*f. Is i composite?
True
Let g be -4 + (0 - (1 + -3)). Let u(i) = -48*i**3 - 3*i**2 - 3*i + 1. Is u(g) composite?
False
Let a(l) = -3*l**3 - l**2 - l - 1. Let w be a(-1). Let p(i) = -1. Let s(u) = 24*u - 10. Let j(m) = -8*p(m) + s(m). Is j(w) a composite number?
True
Let l(p) = -2*p + 40 - p**3 + 16*p**2 - 6*p - 56. Let r be l(11). Let o = 734 - r. Is o prime?
True
Let w(f) = -4*f + 2 + 0*f + 2*f + 2. Let a be w(0). Suppose -a*i - 2173 = -4*u - i, 0 = -3*u + 2*i + 1629. Is u composite?
False
Let w(h) = -3*h**3 - 2*h**2 + 25*h - 8. Let y be w(-11). Suppose 6*g - y - 6270 = 0. Is g a prime number?
False
Let i(s) = -s**3 + 5*s**2 + s - 3. Let n be i(2). Suppose -n = 2*a - 1, -m + 6980 = 3*a. Is m prime?
False
Let c = -12 - -15. Let z(w) = w**c + 14*w**2 - 22 + 5*w - w + 8. Is z(-13) a composite number?
False
Suppose 11*u - 36 = 2*u. Suppose -5*v = 2*p - 18 - 654, u*v = 4*p - 1288. Is p prime?
False
Suppose -391838 = -7*r + 186999. Is r a composite number?
True
Let n = -64 + 65. Is ((-2)/3 + n)/((-6)/(-24282)) prime?
False
Let m be (-46)/(-14) - 8/28. Suppose -5*h + 2*n + 1485 = -3*n, 2*h - 5*n = 579. Suppose -4*l + h = 2*a, -2*a + 6*a - 659 = m*l. Is a a composite number?
True
Suppose -249 = -4*w + 1955. Is w a composite number?
True
Let s(y) = 6*y**2 - 4*y - 47. Let b(c) = -c**2 + c. Let m(f) = -5*b(f) - s(f). Let d be (0 - 1)*0/(-2). Is m(d) prime?
True
Suppose p - 4*p - 6 = 0, 3*t + p = 4765. Is t composite?
True
Let q be ((-1)/(-2))/(5/(-10)). Let u be -8 - q - (0 + -3). Is (-6 - -4)/(u/422) prime?
True
Let j(n) = -814*n - 5. Is j(-3) a composite number?
False
Let n = 190 + -106. Suppose -304 = -2*x + n. Is x composite?
True
Suppose 37*j - 982039 = -76982. Is j a prime number?
False
Let f = 13137 - 7844. Is f composite?
True
Let h = 1046 + -249. Is h a composite number?
False
Suppose -5*c - 5*q = -34440, 2511 + 4362 = c - 2*q. Is c a composite number?
False
Suppose 3*l - 4*w - 8757 = 0, w = 3*l - 8*l + 14618. Is l a prime number?
False
Suppose -10*k + 13857 = -8173. Is k composite?
False
Let x(v) = -v**2 - 19*v + 32. Let p be x(-21). Let l(i) = -51*i - 21. Is l(p) a prime number?
False
Let n(w) = 1569*w + 119. Is n(8) a composite number?
False
Suppose 0 = 2*m + 3*s - 30512, 9*m - 8*m = -2*s + 15257. Is m composite?
True
Let m = 35 - 32. Suppose 0 = -5*w - m*d + 673, -w - 7*d + 2*d = -139. Is w prime?
False
Suppose 3*q - 9*u + 4*u - 63721 = 0, 4*u - 42510 = -2*q. Is q prime?
True
Suppose -5*b + 204 + 254 = v, 2*b = v + 186. Let k = b + 0. Let w = 271 - k. Is w prime?
True
Let q(v) = 27*v**3 + v**2 + 2*v + 3. Is q(5) prime?
True
Let l be 16/7 - 22/77. Suppose 3*n - 4*s = -8, 3 + l = s. Suppose 6*p - n*p = 354. Is p a composite number?
True
Let r be 2/(-3)*(-27)/6. Suppose 0*f = 3*f - 3*z - r, 0 = 5*f + 2*z - 26. Suppose -f*a + 0*a = -i + 351, 0 = 5*i - 3*a - 1704. Is i a prime number?
False
Suppose 0 = -7*b - 7 + 42. Suppose -2*a + 3*c = -419, -738 = -b*a - c + 335. Is a prime?
False
Let m be -1 + 7/((-28)/16). Let b be (-5)/m - 3 - -2. Suppose -3*j + 4*j - 259 = b. Is j a prime number?
False
Let b = 1743 - 858. Suppose 4*l - b = -121. Is l a prime number?
True
Suppose 4*l - 3*c - 51751 - 40321 = 0, 46046 = 2*l - 4*c. Is l composite?
True
Let y(h) = -h**3 + 5*h**2 + 3*h - 2. Let i(g) = -g**3 + 6*g**2 + 4*g - 3. Let d(o) = 4*i(o) - 5*y(o). Let r be d(0). Is (-4 - r - -115)*1 a prime number?
True
Is 316260/21 + 5/(-1) a prime number?
False
Let f(b) = 14*b + 3. Suppose -5*a + 340 - 115 = 0. Suppose -a = -9*t + 4*t + 5*v, -14 = -2*t - 2*v. Is f(t) a prime number?
False
Let g(s) = 7 + 11 - 32 + 28 - s. Is g(-8) prime?
False
Let i = -75 + 165. Suppose -10*b + i = -15*b. Is 6/4*(-2388)/b a prime number?
True
Let d(r) = -5250*r - 119. Is d(-7) prime?
False
Suppose -2*r - 5*w + 10990 = 0, 2*r + 17*w - 16*w = 10974. Is r a prime number?
False
Suppose 7*b - 4*b - 51094 = -a, 2*b - 10 = 0. Is a a prime number?
False
Let j(a) be the third derivative of 11*a**7/5040 - a**6/48 + a**5/60 - 2*a**2. Let c(i) be the third derivative of j(i). Is c(6) a composite number?
True
Let b = -15422 - -29665. Is b a composite number?
False
Let s(f) = -5 + 93*f - 93*f + 56*f**2 + 169*f**2. Is s(-2) a composite number?
True
Suppose x = -4*j + 24 - 5, 18 = 2*x + 4*j. Let g(s) = -97*s**3 + s. Let b be g(x). Suppose 2*t - 18 = b. Is t prime?
False
Suppose 6*b - 2744 = 5*b. Let p = b + -1451. Is p a prime number?
False
Suppose -121*k = -130*k + 138555. Is k a composite number?
True
Let n(b) = -129*b - 23. Let m(o) = -194*o - 35. Let d(x) = 5*m(x) - 7*n(x). Is d(-4) composite?
True
Suppose -f = 2 - 4. Suppose f*h - 3*h = -88. Suppose 0 = 5*t - 22 - h. Is t composite?
True
Is (6/(-18) - (-23070)/9) + -6 prime?
True
Let y = 196 + 6. Is y a prime number?
False
Is ((-5)/5 + 3)*(-29566)/(-4) composite?
False
Let f be (26 + 1)*(-8)/(-6). Let k be 2/(-9) + 116/f. Suppose t - 54 = 5*p, -k*t + 232 = t - 4*p. Is t composite?
False
Is 2 + 109*(0 + 1) a prime number?
False
Let g = 7104 + -2251. Is g prime?
False
Let w(k) = -80*k + 41. Let i(s) = s**3 + 3*s**2 + s + 2. Let f be i(-4). Is w(f) composite?
False
Let s = -994 - -2055. Suppose -v - 2*c = -0*c - s, -5*v + 5295 = 5*c. Is v composite?
True
Let k(v) = 14*v**2 + 23*v - 50. Is k(-19) composite?
False
Suppose 7*c - 20106 - 16021 = 0. Is c prime?
False
Let y(w) = -16*w**3 - 9*w**2 - 15*w - 99. Is y(-7) prime?
False
Let r(y) = -620*y - 179. Is r(-32) a prime number?
True
Suppose 4*g = 2*l - 2, 7*g - 4*g = -2*l - 12. Is (0 + l/(-2))*254 a composite number?
True
Suppose -2169 = 2*h - 13507. Is h a prime number?
True
Is (-3630625)/(-75) - (-8)/(-6) a composite number?
False
Let j = -7 + 5. Let m = 4 + j. Suppose -m*t = -2*o - 808, -3*t + 4*o + 53 + 1156 = 0. Is t prime?
False
Suppose 8 = 2*x + 5*r - r, 4*r - 24 = 2*x. Is (270/4 + x)*2 prime?
True
Suppose 0 = 5*v + 5*a + 106275 - 411295, 0 = -3*v - a + 183006. Is v a composite number?
False
Let k be (6/(-12))/(1/(-120)). Let j = k - 4. Suppose -2*z + j = -30. Is z a prime number?
True
Suppose 0 = 3*b - 4*d - 1410, -3*b - 5*d = -2*d - 1410. Let t = 841 - b. Is t prime?
False
Let a(y) = 576*y**2 + y - 2. Let t be a(1). Suppose -t = -5*x + 4700. Is x prime?
False
Let a(s) = 2*s**2 - 5*s + 3. Let o be a(4). Let v = o - 14. Is -1 - -2 - (-81)/v composite?
True
Let g(b) = 1530*b + 17. Let r be g(-2). Let h = -1706 - r. Is h prime?
False
Let i(z) = 16*z**2 + 4*z + 2. Let q be (-8)/(-14) - 360/42. Let l be q/(-32) - 26/8. Is i(l) a prime number?
False
Let d(f) = 7*f**2 - 11*f - 13. Let m be d(-7). Suppose -2*t + 6*t = 20. Suppose 0 = -2*q - 2, t*o + 2*q - 436 = m. Is o composite?
True
Suppose 15090 - 57282 = -3*y + 5*h, 5*h = 0. Suppose 13*j + 3*j = y. Is j a composite number?
True
Suppose -5*q + v = 503, -6*q - 5*v = -2*q + 385. Let n = 69 - q. Is n prime?
False
Suppose 4*t + 52 = -2*o, 4*t + o + 52 = -3*o. Is (4/6)/((78/(-1935))/t) prime?
False
Suppose 143*j = 139*j + 115036. Is j prime?
True
Let u(k) = -3*k - 8. Suppose 5 = 